 + 0*g - 3*g + t*g. Determine b(-6).
0
Let k(a) = -72 + 3*a + 102 - 15 - 66. Give k(21).
12
Let s(b) = b**3 + 4*b**2 - 3*b + 9. Suppose 0 = 4*h - l - 5 + 21, 0 = 3*l. Give s(h).
21
Suppose r = -l - r, 0 = l + 3*r + 3. Let c = l + -6. Let a(m) be the third derivative of -m**6/120 + m**4/24 + m**3/2 + 2*m**2. What is a(c)?
3
Let h(y) = 2*y - 6. Let u be h(6). Let f be (-451)/(-164) + 2/8 + 0. Let a(x) = 6*x**2 + 20*x**3 - 6*x**3 - 15*x**3 - f. Determine a(u).
-3
Let q = -3 + 6. Let b = q - 1. Let c(m) = -8*m**3 - 4*m**2 + 9*m**3 - 2 - m - 3*m + 5*m. What is c(b)?
-8
Let g(o) = o**3 + 9*o**2 - 9*o + 9. Let h be g(-10). Let x(q) = -q + 1. Let f(l) = 6 - 3 - 4. Let z(d) = h*x(d) + 3*f(d). Calculate z(-5).
-9
Let h(j) = 3*j + 26. Let i be h(-10). Let a(f) = 5*f**3 - 10*f**2 + f + 7. Let u(x) = 9*x**3 - 19*x**2 + 2*x + 13. Let l(b) = 11*a(b) - 6*u(b). Determine l(i).
3
Suppose 126 = 37*z + 15. Let q(c) be the third derivative of 1/12*c**4 + 1/6*c**z + 0*c - 1/10*c**5 + 0 - 4*c**2. Determine q(-1).
-7
Let d(a) = -a**3 + 8*a**2 - 9*a + 15. Let j be d(7). Let p(v) = v**2 + 0*v**2 + 5 + j - 6*v - 1. Let f(t) = t**3 - 2*t + 2. Let u be f(2). Calculate p(u).
5
Let g(s) = -s. Let j(q) = q**3 + 5*q - 3. Let n(f) = 6*g(f) + j(f). Let k(t) = -t**3 + 4*t**2. Let y be 9 + -3 - (2 + 0). Let i be k(y). Calculate n(i).
-3
Suppose 0 = -5*w + 9*w - 16. Let h(m) = m**3 + 1 - 1 + 7*m**2 + w. Calculate h(-7).
4
Let t(x) be the first derivative of -5 - 4/3*x**3 + 2*x + 1/4*x**4 - 3*x**2. Let w(i) = -3*i**2 - 11*i + 9. Let k be w(-4). Calculate t(k).
-3
Let c(y) = 3*y**2 - 10*y + 33. Let r(g) = -g**2 + 5*g - 17. Let b(a) = 2*c(a) + 5*r(a). Let v be b(-8). Let w(d) = -d**2 + 4*d - 2. Calculate w(v).
-7
Let p(l) = 10*l - 14. Let y be 2/(-3) - 16/12. Let u(x) = -6*x + 28 + 3*x - 23. Let b(s) = y*p(s) - 7*u(s). Determine b(6).
-1
Let w(u) = 4*u - 4. Suppose 0 = -3*a - 2*r - 1 + 2, -2*a + 3*r = -18. Suppose 3*i - 4*m + 3 = -2, 2*i + a*m - 25 = 0. Calculate w(i).
16
Let i(l) be the third derivative of -l**6/15 + l**5/30 - l**4/24 - 70*l**2. Give i(1).
-7
Let p(l) = -4*l**3 - 11*l**2 - l + 12. Let t(j) = -j**3 - 3*j**2 + 3. Let x(n) = 2*p(n) - 9*t(n). Let d(c) = -104*c + 99. Let h be d(1). Give x(h).
7
Suppose -4*x + 9*x = 10. Let q(a) = 4*a + 3 - 6 + 4*a - 4 - a**x. What is q(6)?
5
Let m(l) = -l**2 + l - 2. Let z(w) = 2*w - 64. Let r be z(31). What is m(r)?
-8
Let p(a) be the third derivative of a**6/120 + a**5/30 - 7*a**4/12 - 17*a**3/6 + 38*a**2 - 6*a. Give p(-4).
7
Suppose 14*s + 35 = -119. Let u(a) = -a**2 - 11*a + 9. What is u(s)?
9
Let o(j) = j + 2. Let v be 3 - 3*(-5)/15 - 0. Calculate o(v).
6
Let z = 17 - 16. Suppose 0 = 5*f - 25 - 0. Let g(o) = -f*o - 2*o + 9*o + 9*o. Determine g(z).
11
Let v be (-3)/(-12) + (-782)/(-8). Suppose -82 = -5*a + v. Let o(d) = -45*d + 36. Let q(t) = t - 1. Let z(n) = a*q(n) + o(n). Calculate z(-1).
9
Let q(h) = 2*h**2 + 8*h - 6. Let f(z) = 2*z**2 + 7*z - 5. Let l be -1*(1 + (-6)/(-9))*3. Let g(m) = l*q(m) + 6*f(m). Determine g(-4).
24
Let i(h) be the third derivative of -1/6*h**4 - 3*h**2 - 1/6*h**3 + 0 + 0*h - 1/60*h**5. Let o = -46 + 43. What is i(o)?
2
Let j(g) = -135*g**3 + 4 + 71*g**3 + 3*g + 63*g**3. Calculate j(-3).
22
Let j(s) = -2*s + 4. Let u(f) = 3*f - 4. Let h(i) = 4*j(i) + 3*u(i). Let l be (3/(-4))/(26/208). What is h(l)?
-2
Suppose -2*y + 18 = y. Let x(k) = -5*k + 8. Let l(m) be the first derivative of 3*m**2 - 8*m + 41. Let c(q) = -4*l(q) - 5*x(q). Determine c(y).
-2
Let u(i) = -3*i + 5. Suppose 5*m = 2*m - 33. Let l = m + 26. Suppose -h + 4*h - l = 0. Give u(h).
-10
Let l(t) = -2*t**3 + 3*t**2 + 2*t. Let z be l(-1). Let c(u) = u**z + 2*u - 8*u**3 + 5 - 3*u**2 - 4*u**2 + 8*u**3. Give c(6).
-19
Let i(d) = 17*d**3 - d**2 - 4*d + 5. Let g(v) = -48*v**3 + 2*v**2 + 12*v - 14. Let u(p) = -6*g(p) - 17*i(p). Give u(4).
-1
Let t(i) = 4*i + 0*i + i + i - 1. Suppose m - 4*m = 0. Suppose x + 1 = -m. Give t(x).
-7
Let x(s) = s**3 + 9*s**2 - 3. Let p(z) = 61*z + 3. Let d be p(1). Suppose 15*q = -d - 71. Calculate x(q).
-3
Let t = -8 + 13. Let n(z) = -9*z - 2*z**2 + 4*z - 3 + 14*z. Let w be n(t). Let q(v) = -v**3 - 9*v**2 - 8*v - 4. What is q(w)?
-4
Let s(u) = -3*u + 9. Let d = 102 - 90. Give s(d).
-27
Suppose -g - 2 = 0, 5*g - 7*g = 2*r + 2. Let h(c) = -10*c + 2. Let v(j) = -30*j + 5. Let u(d) = -8*h(d) + 3*v(d). What is u(r)?
-11
Let y(t) = -8*t - 5. Let w(l) = 15*l + 9. Let u(n) = -3*w(n) - 5*y(n). Calculate u(2).
-12
Let m(h) = -h - 14. Let g be m(-18). Suppose 7*t = g*t + 24. Let j(q) = q**2 - 8*q - 3. What is j(t)?
-3
Suppose -13*b + 16 = -11*b. Suppose -5*l - 33 + b = 0. Let q(x) be the second derivative of x**3/6 - 3*x**2/2 - 4*x. Determine q(l).
-8
Let g be (-6 + 2)/(2*-1). Let v(c) = 2 + 16*c - g*c**2 - 11*c + 3*c**2 - 9*c. Calculate v(3).
-1
Let g(a) = -a - 2. Let r(w) = -5*w - 16. Let t(x) = 6*g(x) - r(x). What is t(6)?
-2
Let q be 4*3/(-6)*2. Let u(z) = -2*z - 8. What is u(q)?
0
Let i(j) = -j**2 - 21*j + 46. Let x be i(2). Let q(s) = -s**3 - 6 - s + 6. What is q(x)?
0
Suppose -5*g + 6 + 14 = 0. Suppose 2*k = -2*k - 20, -g*c - 4*k = 36. Let v(j) = 2*j + 4. Determine v(c).
-4
Let m(f) be the first derivative of f**4/12 - 4*f**3/3 + 3*f**2/2 + 22*f + 30. Let b(a) be the first derivative of m(a). Give b(9).
12
Let o(u) = -3*u**2 - 19*u - 8. Let m = -232 - -227. What is o(m)?
12
Let f(i) be the third derivative of 7*i**4/24 - 5*i**3/6 + 4*i**2. Let h(t) = 4*t - 3. Let x(y) = 6*f(y) - 10*h(y). Calculate x(-3).
-6
Let r(m) = -m**3 + 4*m**2 + 5*m + 6. Let b be (-1)/((-1)/2) - (119 - 122). Determine r(b).
6
Let i(k) be the first derivative of -k**2/2 + 6*k - 33. Let c be 0/(-1*(-1 - -2)). Suppose 3*q = -c*q - 2*m + 8, m = 5*q - 22. Determine i(q).
2
Let r(q) = q**3 - q**2 - 5*q + 2. Let x(t) = -3*t - 3. Let v be x(-2). Let p = v - -6. Suppose -6 = -5*f + p. What is r(f)?
5
Let n be 2/(-11) - (79/(-11) + 2). Let m be 26/4 + (n/(-10) - 0). Let x(v) = 4*v - 1. Give x(m).
23
Let f be (4/10)/(12/60). Let h(n) = -16 + 27*n**f - n - 55*n**2 + 27*n**2. Determine h(0).
-16
Let i(s) be the first derivative of -s**2/2 - 3*s - 10844. Let m(o) = o**3 - 5*o**2 - 4. Let v be m(5). Let y = -1 + v. Calculate i(y).
2
Let y be 9 + -13 + 1*4. Suppose k + 4 - 9 = y. Let h(p) be the first derivative of p**3/3 - 3*p**2 + 5*p + 1. What is h(k)?
0
Let x be (-4)/12 - 15/(-18). Let q(v) be the first derivative of 2 - x*v**2 + 6*v + 1/3*v**3. Calculate q(0).
6
Let f(n) = 3*n**2 + 4*n - 4. Let v be f(1). Let r(z) = 4*z + 1. Give r(v).
13
Let o(a) be the second derivative of a**5/20 + 5*a**4/12 - a**3 + a + 25. Determine o(-5).
30
Let r(q) be the second derivative of q**5/20 - q**4/12 - q**2/2 - 8*q + 2. Calculate r(2).
3
Let t(p) = 259*p**3 - 4*p - 7 + 6*p**2 - 136*p**3 - 122*p**3. What is t(-6)?
17
Suppose -8*w - 24 = 4*u - 6*w, 20 = -4*u - 4*w. Let x(g) = -6 + 7*g - g**2 - 2*g**2 + 4*g**2 + 14. Give x(u).
8
Let j(v) = -v**2 + 11*v - 2. Let r be (126/35)/(6/15). What is j(r)?
16
Let h(j) be the third derivative of -j**7/2520 - j**6/80 - j**5/12 + j**4/8 - 21*j**2. Let d(a) be the second derivative of h(a). Calculate d(-7).
4
Let m(t) be the second derivative of -t**4/12 - 5*t**3/6 - t**2/2 - 52*t. Let x = 0 + -5. What is m(x)?
-1
Let l(a) = a**2 + 9*a - 24. Let b = 222 + -233. Give l(b).
-2
Let t(h) = 7*h**3 - 5*h**2 - 21*h + 11. Let v be 1 - (0 + 6 + 2) - -2. Let q(c) = 3*c**3 - 3*c**2 - 10*c + 6. Let s(u) = v*q(u) + 2*t(u). Give s(6).
4
Let k(j) = 17*j**2 - 14*j + 18. Let n(q) = -4*q**2 - 1. Let x(g) = -k(g) - 4*n(g). Calculate x(13).
-1
Suppose 2*y = -2*m, 0 = -4*y + m + 3*m + 24. Let v(j) = 12*j**3 - 3*j**3 - 3*j**2 - 2*j**3 - 6*j**3 - 3*j. Determine v(y).
-9
Suppose -5*s = 3*f + 24, 0 = -f + 9 - 12. Let v(c) = -4*c + c + 2*c**2 - 3*c**2. What is v(s)?
0
Let q(j) = -7*j**2 + 24*j + 6. Let l(g) = -16*g**2 + 50*g + 11. Let i(h) = 4*l(h) - 9*q(h). What is i(-15)?
5
Let r be 3 - (13 + -2 + 1). Let c be 98/6 - 6/r. Suppose -t - 4*o = -0*o + c, 4*t + 5*o = -35. Let m(y) = -y - 7. Give m(t).
-2
Let b(o) = o + 5. Let k(d) = 3*d + 10. Let f(r) = 9*b(r) - 4*k(r). Let m be f(7). Let g = -21 - m. Let i(p) = -p - 4. Calculate i(g).
1
Let g be (-5 + 0/5)/(-1). Let z(w) = g*w - 4*w + 0*w**2 + 0*w**2 + w**2. Determine z(-3).
6
Let c(g) = -g**3 + 7*g**2 + 10*g - 10. Let y